{"id":100,"date":"2024-05-25T12:55:03","date_gmt":"2024-05-25T10:55:03","guid":{"rendered":"http:\/\/www.wordpress.mycoryz.com\/?page_id=100"},"modified":"2024-06-22T12:38:02","modified_gmt":"2024-06-22T10:38:02","slug":"agenda","status":"publish","type":"page","link":"https:\/\/www.wordpress.mycoryz.com\/index.php\/agenda\/","title":{"rendered":"Agenda"},"content":{"rendered":"\n<figure class=\"wp-block-image size-full\"><img loading=\"lazy\" decoding=\"async\" width=\"1380\" height=\"920\" src=\"https:\/\/www.wordpress.mycoryz.com\/wp-content\/uploads\/2024\/05\/phytotherapie-nature-morte-vue-dessus_23-2149339719.jpg\" alt=\"Les plantes de l'herboriste\" class=\"wp-image-174\" srcset=\"https:\/\/www.wordpress.mycoryz.com\/wp-content\/uploads\/2024\/05\/phytotherapie-nature-morte-vue-dessus_23-2149339719.jpg 1380w, https:\/\/www.wordpress.mycoryz.com\/wp-content\/uploads\/2024\/05\/phytotherapie-nature-morte-vue-dessus_23-2149339719-300x200.jpg 300w, https:\/\/www.wordpress.mycoryz.com\/wp-content\/uploads\/2024\/05\/phytotherapie-nature-morte-vue-dessus_23-2149339719-1024x683.jpg 1024w, https:\/\/www.wordpress.mycoryz.com\/wp-content\/uploads\/2024\/05\/phytotherapie-nature-morte-vue-dessus_23-2149339719-768x512.jpg 768w\" sizes=\"auto, (max-width: 1380px) 100vw, 1380px\" \/><\/figure>\n\n\n\n<p>Apprenez \u00e0 reconna\u00eetre, utiliser, cuisiner les plantes sauvages. Toutes les dates des sorties botaniques et des animations \u00e0 venir sont ici !<\/p>\n\n\n\n<p><\/p>\n\n\n\n<div class=\"wp-block-buttons is-content-justification-center is-layout-flex wp-container-core-buttons-is-layout-16018d1d wp-block-buttons-is-layout-flex\">\n<div class=\"wp-block-button\"><a class=\"wp-block-button__link wp-element-button\" href=\"https:\/\/www.wordpress.mycoryz.com\/index.php\/contact\/\">Contact<\/a><\/div>\n<\/div>\n","protected":false},"excerpt":{"rendered":"<p>Apprenez \u00e0 reconna\u00eetre, utiliser, cuisiner les plantes sauvages. Toutes les dates des sorties botaniques et des animations \u00e0 venir sont ici !<\/p>\n","protected":false},"author":1,"featured_media":0,"parent":0,"menu_order":0,"comment_status":"closed","ping_status":"closed","template":"","meta":{"footnotes":""},"class_list":["post-100","page","type-page","status-publish","hentry"],"yoast_head":"<!-- This site is optimized with the Yoast SEO plugin v22.8 - https:\/\/yoast.com\/wordpress\/plugins\/seo\/ -->\n<title>Mycoryz : agenda sorties botaniques autour des plantes sauvages<\/title>\n<meta name=\"description\" content=\"Agenda des animations nature et sorties botaniques aux alentours de Bergerac, Dordogne. Apprenez \u00e0 reconna\u00eetre les plantes sauvages.\" \/>\n<meta name=\"robots\" content=\"index, follow, max-snippet:-1, max-image-preview:large, max-video-preview:-1\" \/>\n<link rel=\"canonical\" href=\"https:\/\/www.wordpress.mycoryz.com\/index.php\/agenda\/\" \/>\n<meta property=\"og:locale\" content=\"fr_FR\" \/>\n<meta property=\"og:type\" content=\"article\" \/>\n<meta property=\"og:title\" content=\"Mycoryz : agenda sorties botaniques autour des plantes sauvages\" \/>\n<meta property=\"og:description\" content=\"Agenda des animations nature et sorties botaniques aux alentours de Bergerac, Dordogne. Apprenez \u00e0 reconna\u00eetre les plantes sauvages.\" \/>\n<meta property=\"og:url\" content=\"https:\/\/www.wordpress.mycoryz.com\/index.php\/agenda\/\" \/>\n<meta property=\"og:site_name\" content=\"Mycoryz\" \/>\n<meta property=\"article:modified_time\" content=\"2024-06-22T10:38:02+00:00\" \/>\n<meta property=\"og:image\" content=\"https:\/\/www.wordpress.mycoryz.com\/wp-content\/uploads\/2024\/05\/phytotherapie-nature-morte-vue-dessus_23-2149339719.jpg\" \/>\n<meta name=\"twitter:card\" content=\"summary_large_image\" \/>\n<meta name=\"twitter:label1\" content=\"Dur\u00e9e de lecture estim\u00e9e\" \/>\n\t<meta name=\"twitter:data1\" content=\"1 minute\" \/>\n<script type=\"application\/ld+json\" class=\"yoast-schema-graph\">{\"@context\":\"https:\/\/schema.org\",\"@graph\":[{\"@type\":\"WebPage\",\"@id\":\"https:\/\/www.wordpress.mycoryz.com\/index.php\/agenda\/\",\"url\":\"https:\/\/www.wordpress.mycoryz.com\/index.php\/agenda\/\",\"name\":\"Mycoryz : agenda sorties botaniques autour des plantes sauvages\",\"isPartOf\":{\"@id\":\"https:\/\/www.wordpress.mycoryz.com\/#website\"},\"primaryImageOfPage\":{\"@id\":\"https:\/\/www.wordpress.mycoryz.com\/index.php\/agenda\/#primaryimage\"},\"image\":{\"@id\":\"https:\/\/www.wordpress.mycoryz.com\/index.php\/agenda\/#primaryimage\"},\"thumbnailUrl\":\"https:\/\/www.wordpress.mycoryz.com\/wp-content\/uploads\/2024\/05\/phytotherapie-nature-morte-vue-dessus_23-2149339719.jpg\",\"datePublished\":\"2024-05-25T10:55:03+00:00\",\"dateModified\":\"2024-06-22T10:38:02+00:00\",\"description\":\"Agenda des animations nature et sorties botaniques aux alentours de Bergerac, Dordogne. Apprenez \u00e0 reconna\u00eetre les plantes sauvages.\",\"breadcrumb\":{\"@id\":\"https:\/\/www.wordpress.mycoryz.com\/index.php\/agenda\/#breadcrumb\"},\"inLanguage\":\"fr-FR\",\"potentialAction\":[{\"@type\":\"ReadAction\",\"target\":[\"https:\/\/www.wordpress.mycoryz.com\/index.php\/agenda\/\"]}]},{\"@type\":\"ImageObject\",\"inLanguage\":\"fr-FR\",\"@id\":\"https:\/\/www.wordpress.mycoryz.com\/index.php\/agenda\/#primaryimage\",\"url\":\"https:\/\/www.wordpress.mycoryz.com\/wp-content\/uploads\/2024\/05\/phytotherapie-nature-morte-vue-dessus_23-2149339719.jpg\",\"contentUrl\":\"https:\/\/www.wordpress.mycoryz.com\/wp-content\/uploads\/2024\/05\/phytotherapie-nature-morte-vue-dessus_23-2149339719.jpg\",\"width\":1380,\"height\":920},{\"@type\":\"BreadcrumbList\",\"@id\":\"https:\/\/www.wordpress.mycoryz.com\/index.php\/agenda\/#breadcrumb\",\"itemListElement\":[{\"@type\":\"ListItem\",\"position\":1,\"name\":\"Accueil\",\"item\":\"https:\/\/www.wordpress.mycoryz.com\/\"},{\"@type\":\"ListItem\",\"position\":2,\"name\":\"Agenda\"}]},{\"@type\":\"WebSite\",\"@id\":\"https:\/\/www.wordpress.mycoryz.com\/#website\",\"url\":\"https:\/\/www.wordpress.mycoryz.com\/\",\"name\":\"Mycoryz\",\"description\":\"\",\"publisher\":{\"@id\":\"https:\/\/www.wordpress.mycoryz.com\/#organization\"},\"potentialAction\":[{\"@type\":\"SearchAction\",\"target\":{\"@type\":\"EntryPoint\",\"urlTemplate\":\"https:\/\/www.wordpress.mycoryz.com\/?s={search_term_string}\"},\"query-input\":\"required name=search_term_string\"}],\"inLanguage\":\"fr-FR\"},{\"@type\":\"Organization\",\"@id\":\"https:\/\/www.wordpress.mycoryz.com\/#organization\",\"name\":\"Mycoryz\",\"url\":\"https:\/\/www.wordpress.mycoryz.com\/\",\"logo\":{\"@type\":\"ImageObject\",\"inLanguage\":\"fr-FR\",\"@id\":\"https:\/\/www.wordpress.mycoryz.com\/#\/schema\/logo\/image\/\",\"url\":\"https:\/\/www.wordpress.mycoryz.com\/wp-content\/uploads\/2024\/05\/Logo_new_02-copy-scaled.jpg\",\"contentUrl\":\"https:\/\/www.wordpress.mycoryz.com\/wp-content\/uploads\/2024\/05\/Logo_new_02-copy-scaled.jpg\",\"width\":2560,\"height\":410,\"caption\":\"Mycoryz\"},\"image\":{\"@id\":\"https:\/\/www.wordpress.mycoryz.com\/#\/schema\/logo\/image\/\"}}]}<\/script>\n<!-- \/ Yoast SEO plugin. -->","yoast_head_json":{"title":"Mycoryz : agenda sorties botaniques autour des plantes sauvages","description":"Agenda des animations nature et sorties botaniques aux alentours de Bergerac, Dordogne. Apprenez \u00e0 reconna\u00eetre les plantes sauvages.","robots":{"index":"index","follow":"follow","max-snippet":"max-snippet:-1","max-image-preview":"max-image-preview:large","max-video-preview":"max-video-preview:-1"},"canonical":"https:\/\/www.wordpress.mycoryz.com\/index.php\/agenda\/","og_locale":"fr_FR","og_type":"article","og_title":"Mycoryz : agenda sorties botaniques autour des plantes sauvages","og_description":"Agenda des animations nature et sorties botaniques aux alentours de Bergerac, Dordogne. Apprenez \u00e0 reconna\u00eetre les plantes sauvages.","og_url":"https:\/\/www.wordpress.mycoryz.com\/index.php\/agenda\/","og_site_name":"Mycoryz","article_modified_time":"2024-06-22T10:38:02+00:00","og_image":[{"url":"https:\/\/www.wordpress.mycoryz.com\/wp-content\/uploads\/2024\/05\/phytotherapie-nature-morte-vue-dessus_23-2149339719.jpg"}],"twitter_card":"summary_large_image","twitter_misc":{"Dur\u00e9e de lecture estim\u00e9e":"1 minute"},"schema":{"@context":"https:\/\/schema.org","@graph":[{"@type":"WebPage","@id":"https:\/\/www.wordpress.mycoryz.com\/index.php\/agenda\/","url":"https:\/\/www.wordpress.mycoryz.com\/index.php\/agenda\/","name":"Mycoryz : agenda sorties botaniques autour des plantes sauvages","isPartOf":{"@id":"https:\/\/www.wordpress.mycoryz.com\/#website"},"primaryImageOfPage":{"@id":"https:\/\/www.wordpress.mycoryz.com\/index.php\/agenda\/#primaryimage"},"image":{"@id":"https:\/\/www.wordpress.mycoryz.com\/index.php\/agenda\/#primaryimage"},"thumbnailUrl":"https:\/\/www.wordpress.mycoryz.com\/wp-content\/uploads\/2024\/05\/phytotherapie-nature-morte-vue-dessus_23-2149339719.jpg","datePublished":"2024-05-25T10:55:03+00:00","dateModified":"2024-06-22T10:38:02+00:00","description":"Agenda des animations nature et sorties botaniques aux alentours de Bergerac, Dordogne. Apprenez \u00e0 reconna\u00eetre les plantes sauvages.","breadcrumb":{"@id":"https:\/\/www.wordpress.mycoryz.com\/index.php\/agenda\/#breadcrumb"},"inLanguage":"fr-FR","potentialAction":[{"@type":"ReadAction","target":["https:\/\/www.wordpress.mycoryz.com\/index.php\/agenda\/"]}]},{"@type":"ImageObject","inLanguage":"fr-FR","@id":"https:\/\/www.wordpress.mycoryz.com\/index.php\/agenda\/#primaryimage","url":"https:\/\/www.wordpress.mycoryz.com\/wp-content\/uploads\/2024\/05\/phytotherapie-nature-morte-vue-dessus_23-2149339719.jpg","contentUrl":"https:\/\/www.wordpress.mycoryz.com\/wp-content\/uploads\/2024\/05\/phytotherapie-nature-morte-vue-dessus_23-2149339719.jpg","width":1380,"height":920},{"@type":"BreadcrumbList","@id":"https:\/\/www.wordpress.mycoryz.com\/index.php\/agenda\/#breadcrumb","itemListElement":[{"@type":"ListItem","position":1,"name":"Accueil","item":"https:\/\/www.wordpress.mycoryz.com\/"},{"@type":"ListItem","position":2,"name":"Agenda"}]},{"@type":"WebSite","@id":"https:\/\/www.wordpress.mycoryz.com\/#website","url":"https:\/\/www.wordpress.mycoryz.com\/","name":"Mycoryz","description":"","publisher":{"@id":"https:\/\/www.wordpress.mycoryz.com\/#organization"},"potentialAction":[{"@type":"SearchAction","target":{"@type":"EntryPoint","urlTemplate":"https:\/\/www.wordpress.mycoryz.com\/?s={search_term_string}"},"query-input":"required name=search_term_string"}],"inLanguage":"fr-FR"},{"@type":"Organization","@id":"https:\/\/www.wordpress.mycoryz.com\/#organization","name":"Mycoryz","url":"https:\/\/www.wordpress.mycoryz.com\/","logo":{"@type":"ImageObject","inLanguage":"fr-FR","@id":"https:\/\/www.wordpress.mycoryz.com\/#\/schema\/logo\/image\/","url":"https:\/\/www.wordpress.mycoryz.com\/wp-content\/uploads\/2024\/05\/Logo_new_02-copy-scaled.jpg","contentUrl":"https:\/\/www.wordpress.mycoryz.com\/wp-content\/uploads\/2024\/05\/Logo_new_02-copy-scaled.jpg","width":2560,"height":410,"caption":"Mycoryz"},"image":{"@id":"https:\/\/www.wordpress.mycoryz.com\/#\/schema\/logo\/image\/"}}]}},"_links":{"self":[{"href":"https:\/\/www.wordpress.mycoryz.com\/index.php\/wp-json\/wp\/v2\/pages\/100","targetHints":{"allow":["GET"]}}],"collection":[{"href":"https:\/\/www.wordpress.mycoryz.com\/index.php\/wp-json\/wp\/v2\/pages"}],"about":[{"href":"https:\/\/www.wordpress.mycoryz.com\/index.php\/wp-json\/wp\/v2\/types\/page"}],"author":[{"embeddable":true,"href":"https:\/\/www.wordpress.mycoryz.com\/index.php\/wp-json\/wp\/v2\/users\/1"}],"replies":[{"embeddable":true,"href":"https:\/\/www.wordpress.mycoryz.com\/index.php\/wp-json\/wp\/v2\/comments?post=100"}],"version-history":[{"count":10,"href":"https:\/\/www.wordpress.mycoryz.com\/index.php\/wp-json\/wp\/v2\/pages\/100\/revisions"}],"predecessor-version":[{"id":314,"href":"https:\/\/www.wordpress.mycoryz.com\/index.php\/wp-json\/wp\/v2\/pages\/100\/revisions\/314"}],"wp:attachment":[{"href":"https:\/\/www.wordpress.mycoryz.com\/index.php\/wp-json\/wp\/v2\/media?parent=100"}],"curies":[{"name":"wp","href":"https:\/\/api.w.org\/{rel}","templated":true}]}}